2 + 31).
0
What is 12 + -4 + -14 + 6 + 1?
1
What is 10 - ((9 - 7) + 4 + -9)?
13
(30 - -1) + (-8 - (16 - 3) - -13)
23
What is (17 - (3 - -10)) + -5?
-1
What is the value of (9 - 5) + -12 - (13 - 15)?
-6
Evaluate 14 + (-2 + 23 - 34) + (0 - -9).
10
Calculate (-170 - -171) + 0 + -3 + 3.
1
Calculate -18 - -1 - ((34 - 40) + 5).
-16
What is -1 + (-2 - 2) + 2 + 54 + -44?
7
What is 8 + -14 + -5 + 8 + -1 + 0?
-4
What is -51 + 40 - (-3 + -2 + 2)?
-8
What is (-3 - ((-11 - -6) + 6)) + -16 + 13?
-7
What is the value of 8 + -1 + (-447 - -454)?
14
What is -62 + 32 - (2 - (5 + 11))?
-16
(10 - 1) + (-26 - -26) - -4
13
What is (1 - 2) + 0 + (-129 - -131)?
1
What is -3 + 0 + (7 - (6 - -7)) + 8?
-1
-4 + (9 - 1) - ((-7 - -14) + -15)
12
Calculate 15 - (4 - ((-24 - 2) + 14)).
-1
Evaluate 5 + -4 - (2 + 4 + -8).
3
Calculate 0 + -2 + -14 + 23.
7
Evaluate (-34 - (8 + -21)) + 10 - -6.
-5
What is the value of 156 + -163 + 23 + -3?
13
Calculate 54 + -35 - (12 + 2).
5
What is 2 - -5 - (148 + -131)?
-10
1 - 3 - (-53 + 35)
16
-21 + 1 - (-33 - -23)
-10
Calculate -1 + -5 - (0 + -32 + 31).
-5
What is the value of (0 - 1) + 4 - (-209 - -223)?
-11
(28 - (1 + -12 - -14)) + -4
21
Calculate -1 + (3 - ((3 - -8) + -2)) + -26.
-33
Calculate 6 - (-4 + 17) - (9 + -9).
-7
What is (1 - 4) + 3 - (-22 + 6) - 4?
12
Calculate 8 - (33 + -24 + -6).
5
Calculate 22 + -5 + -16 + -3 + 6.
4
Evaluate 7 + -16 + 5 + (-10 - -2) + 1.
-11
(0 - 1 - 0) + (-42 + -69 - -96)
-16
Evaluate -1 - (7 + 1 - -1 - (-480 - -487)).
-3
-12 - (-3 + -3) - (-11 - -4)
1
Calculate 5 + -3 + -4 + -1 - -3.
0
What is -17 - (10 - (5 + -9 + 5 - -2))?
-24
What is -200 + 192 + (-3 - (-12 + -1))?
2
Evaluate -3 - (3 + 1) - ((-5 - 0) + 4).
-6
Evaluate -2 + 18 + 4 + 6 + -11.
15
What is the value of 2 - (25 + -11 + -4) - -5?
-3
(13 - 1) + (0 + -6 - (-210 + 204))
12
What is 2 + (-3 - (20 + -13) - (1 - 6))?
-3
Evaluate 1 + (3 - (7 - (9 - (-2 - -2)))).
6
Calculate -677 + 667 + (22 - -1).
13
Calculate (10 - 9) + 13 + 5 + -13 + 5.
11
Evaluate 4 - (-14 - 3) - (-4 + 9).
16
Evaluate -13 + 1 + (-1 - 8 - (4 + -9)).
-16
(-10 - (-43 + 27)) + (-2 - 5)
-1
-16 - (-14 + -8 + 0)
6
What is the value of (-6 - (2 + -8 - -10)) + (6 - 9)?
-13
What is the value of (1 + -1 - (0 + (5 - 7))) + 5?
7
What is the value of (24 - 39) + 27 + -19?
-7
Calculate 11 - (6 + (-11 - -1 - -10)).
5
What is -2 + 16 + -26 + -10?
-22
Calculate -7 + -3 - -9 - (-14 + 3) - -1.
11
Calculate 27 - (2 - -27 - 0).
-2
Evaluate -5 + -1 + -21 + 41.
14
What is the value of -9 + 3 + -10 + 13?
-3
38 + 22 + (1 - 37)
24
Evaluate 3 - 8 - ((-16 - -7) + 6).
-2
What is the value of 23 + (8 - (25 - -11))?
-5
-26 + 7 + -7 + 9
-17
Calculate 13 + -6 + (-11 - 8).
-12
Evaluate 6 + -21 + 5 + 1 + 1 + 2.
-6
Calculate -1 + (3 + -1 - (1 + 3)) + -18.
-21
Evaluate 6 + (5 - 3) - (-1 - (-11 + 4)).
2
Calculate -10 + (-13 - (12 - 8) - -9).
-18
(161 - 135) + (1 - 38)
-11
What is the value of -10 - (18 + -9) - (-6 + 8)?
-21
What is the value of (0 + 1 + -2 - (-10 + 13)) + 1?
-3
Evaluate 20 - 16 - (-1 - -14).
-9
Evaluate 5 - ((8 - -11) + -8) - -1.
-5
Calculate 2 + -2 - -2 - (15 - (3 - -14)).
4
Evaluate (69 - 50) + (-2 - (-2 - 3)) - 1.
21
-25 - (-11 + -12 + 7)
-9
-4 + -6 + -2 - -5
-7
Evaluate -16 + (-7 + -2 - (-64 - -53) - 9).
-23
-1 + 2 + -10 - (10 + 12)
-31
(1 - -6) + 5 - (-2 + (1 - -4))
9
What is 8 - (-13 + (6 - -15))?
0
What is (28 - 40) + (-16 - -5 - 5)?
-28
Calculate -1 + (2 - ((7 - 17) + 18)).
-7
Calculate (23 - 18) + 5 + -1 + -2 + 2.
9
-13 + 9 + 0 + 18 + 13
27
What is the value of -10 + -2 - -3 - -17?
8
What is -14 + 0 + (-1 - -24)?
9
What is -16 + -5 + 55 - 34?
0
What is (-16 - 0) + 32 + (-52 - -25)?
-11
What is the value of 36 - 36 - (11 - (-1 - -3))?
-9
58 + -60 - (0 + 1 + (4 - 4))
-3
-31 + (-17 + 6 + 2 - -10)
-30
Evaluate (-13 - (-39 + 16)) + -3 - (8 - 2).
1
What is 21 + (-3 - ((-1 - -9) + -1)) + 10?
21
Calculate -5 + 9 + -1 + 7 + -9 - 29.
-28
What is -6 - (-2 + 0) - (16 + -18)?
-2
What is the value of -6 + -1 + -3 + (-13 - (-8 + -4))?
-11
What is the value of 0 + (1 - (5 - (5 + -20))) + 8?
-11
What is the value of -27 + (0 - -3 - (-79 - -73))?
-18
What is the value of (-1 - 2 - -12) + (169 - 164)?
14
What is (-61 - -91) + 2 + -17?
15
Calculate 10 - (-3 + (6 - -10 - 8 - 4)).
9
Calculate 2038 + -2021 - (1 + 5).
11
What is -14 + (39 - 3) - 8 - (4 - 15)?
25
What is the value of -9 + -1 + (-1 + 16 - 4)?
1
(2 + -2 - (10 + -4 + -1)) + -16
-21
Calculate 1 - (-8 - (-2 - -1 - (-39 - -42))).
5
What is the value of 1 + -11 - (41 - (-60 + 90))?
-21
What is the value of 37 + -49 - (-5 - (9 - -2))?
4
12 - (23 + -8) - -17
14
What is the value of 1 - -3 - (-5 + 3 + -2 - 4)?
12
What is the value of (0 - -7) + -524 + 500?
-17
What is the value of -19 + (-22 - 1) + 29?
-13
Calculate -11 - (-6 + (-15 - -12)).
-2
What is the value of -6 - (11 + 5 + -26 + 13)?
-9
(1 - 6) + (7 - -9) + -9
2
(-4 - -44) + (2 - 30)
12
What is the value of (-2 - -12 - 16) + -33?
-39
What is the value of (5 - 4 - (0 + 1)) + (494 - 493)?
1
Calculate -22 - (-9 - (-9 - -12) - -1).
-11
What is the value of (3 - -5) + -2 + 3 + 6?
15
Calculate -3 - (-1 + 6 + (-1 - 4)).
-3
(37 - 23) + -10 + -16
-12
(5 - (0 + -2 + 5)) + (10 - 13)
-1
What is the value of -20 - ((-17 - -5) + -1)?
-7
Evaluate 2 + -6 + (-17 - -7 - -13).
-1
What is -1 + 12 - (-324 - -339)?
-4
What is 4 + (5 - 11) - (15 - 19)?
2
Evaluate -6 + (-7 - (-32 - -10)).
9
-6 - (10 + -14) - (-19 + 4 + 3)
10
Calculate 8 - (-1 + 1 + (-1 - -18)).
-9
What is the value of -2 + 31 + -26 + (5 - 11)?
-3
-1 - 21 - (-26 + -10)
14
Evaluate 4 + (4 - 1 - (17 + -7 - 1)).
-2
What is the value of 34 + -14 + -33 - -4?
-9
Evaluate -107 + (30 - -82) + (0 - 1 - 16).
-12
What is the value of (-1 - (3 + 6 + -17)) + -18?
-11
Calculate 0 + 5 + (-12 - -8) - (-1 - -7).
-5
Evaluate 22 + (17 - 15) + -22.
2
What is the value of -4 + -41 + 22 + 13?
-10
What is the value of 6 - -1 - (4 + (-11 - -5) + 4)?
5
What is (-7 - -1) + (21 - 20)?
-5
What is the value of (-13 - (-3 + 0 - -2)) + (5 - -1)?
-6
Calculate (-1 - -3) + -2 + (-8 - (-17 - -21)).
-12
Calculate 2 - (0 - (2 - (-2 + 2))).
4
What is the value of (-21 + 1 - (-124 + 124)) + (2 - 0)?
-18
What is the value of 49 + -47 - (4 - (-4 - 0)) - -15?
9
Calculate (-6 - -7) + 19 + -26.
-6
What is the value of (-17 - -10) + 5 - -3 - -9?
10
Calculate 1 + 14 - 7 - 7.
1
Evaluate 3 + 2 + (3 - (-2 - -9)).
1
What is the value of 186 - 142 - (13 - 2)?
33
Evaluate -16 - (6 + (3 - (-2 - 4 - -17))).
-14
What is -2 + 3 + (11 - 5) + 2 + -15?
-6
Calculate -3 + -2 + (-3 + -22 + 13 - -5).
-12
Evaluate -3 - (36 + -46 + 3 + (0 - 1)).
5
Calculate (1 - (-5 - (-1 + -3 - 6))) + 21.
17
20 - (8 - (-7 + 4))
9
Evaluate -6 + -5 + 12 + -6 + -1.
-6
Evaluate 28 - (-8 - (5 - 21)).
20
Calculate (-37 - (11 + -13)) + (10 - (3 - 1)).
-27
(-513 - -505) + 0 + 20
12
What is 2 + (10 - (5 - 1) - 4 - 5)?
-1
What is -3 + -2 - ((-14 - (-4 - -13)) + 7)?
11
10 + (0 - 4) + -6 + 2
2
Calculate 4 + 5 + 6 + 2 - (5 + 3).
9
Calculate (-15 - (1 - (19 + 2))) + (1 - -11).
17
Evaluate 16 - (5 + -1 + -2 - 11 - -7).
18
(0 - 1 - (0 - (-32 - -24))) + 7
-2
What is -4 + 0 + 6 + -4?
-2
Calculate 5 + (5 - 4) - ((2 - -9) + -9).
4
Evaluate -6 + 16 + 0 - (-6 + 12).
4
What is -6 + (-6 + -1 - -3) + 20 + -20?
-10
What is the value of -5 - (5 - 0) - (12 + -28)?
6
Calculate -18 - (-11 - (-19 + 39)).
13
What is the value of (-34 - (-7 + -13)) + 13?
-1
Calculate (1 - 6) + 1 - -3.
-1
What is the value of (-142 - -120) + 24 + 1?
3
1 + 29 + 8 + -16 + (6 - -4)
32
-46 + (130 - (-21 + 66))
39
What is the value of 34 + -11 + -17 + (4 - -11)?
21
-16 + (62 - (31 - 11))
26
What is the value of 5 - ((-39 + 21 - -25) + -10 + 1)?
7
What is the value of -44 + 83 + -55 + (1 + 0 - 2)?
-17
Calculate (9 - 1) + 10 + 27 + -13 + -24.
8
What is (3 + 2 - (0 + 18)) + 7?
-6
What is the value of -5 + (12 - 12) + 4 + (0 - -2)?
1
Calculate 36 + -20 + 7 + -16.
7
What is the value of (6 - 6) + 2 - -6 - (4 + -5)?
9
Calculate 239 + -262 + 1 + 35.
13
Evaluate 88 + -95 + -1 + -3.
-11
Evaluate (10 - 5) + (7 - (1 + (-4 - -4))).
11
34 + 16 + -24 - 47
-21
-17 + (-6 - (-11 - -4)) + 8
-8
Calculate (2 - 16) + (-5 - -6 - -4).
-9
3 + -16 - (15 + -61 - -18)
15
-37 - -24 - (1 - -2) - -13
-3
Calculate -1 - 1 - (-3 + 11) - (0 - 6).
-4
What is 4 - (-16 + 10 + 3 + 17 - 10)?
0
37 - 31 - (28 + 1 + (-17 - -13))
-19
-16